{"id":1043,"date":"2016-09-27T10:31:40","date_gmt":"2016-09-27T08:31:40","guid":{"rendered":"http:\/\/www.do-xs.de\/doku-klasse\/?page_id=1043"},"modified":"2024-04-03T10:54:50","modified_gmt":"2024-04-03T08:54:50","slug":"2015-3","status":"publish","type":"page","link":"https:\/\/www.do-xs.de\/documasterclass\/stipendiaten\/2015-3\/","title":{"rendered":"2015\/16"},"content":{"rendered":"<p style=\"text-align: left;\">Drei Stipendiaten wurden 2015 in die doku.klasse eingeladen. Kurze Einzelportr\u00e4ts erz\u00e4hlen mehr von ihnen.<\/p>\n<h2 style=\"text-align: center;\">Eva Hausberger<\/h2>\n<p style=\"text-align: center;\"><img loading=\"lazy\" decoding=\"async\" class=\"alignnone size-full wp-image-190\" src=\"https:\/\/www.do-xs.de\/doku-klasse\/wp-content\/uploads\/Eva-Press-Roh_klein.jpg\" alt=\"Eva Hausberger\" width=\"250\" height=\"167\" \/><\/p>\n<p>studierte Multi Media Art in Salzburg und an der Filmschule FAMU in Prag. Seit 2008 ist sie selbst\u00e4ndig im Film- und Theaterbereich t\u00e4tig. Sie f\u00fchrt selbst Regie oder arbeitet als Produktionsleiterin und Regieassistentin f\u00fcr Spiel- und Dokumentarfilme (u. a. Geyrhalter Filmproduktion, Golden Girls Filmproduktion, European Film Conspiracy). In ihrem experimentellen Kurzfilm <em>Kopfball<\/em> (2008) erz\u00e4hlte sie ein Fu\u00dfballspiel nur \u00fcber die Aktionen und Reaktionen der Fans. Ihr bislang letzter Film <em>Monumenti<\/em> (2014) portr\u00e4tiert einen albanischen Bronzegie\u00dfer, der w\u00e4hrend der stalinistischen Diktatur kommunistische Symbolfiguren \u00fcberlebensgro\u00df in Bronze gegossen hat. Beim Filmfestival Crossing Europe wurde sie daf\u00fcr mit dem Local Artist Social Awareness Award ausgezeichnet.<\/p>\n<h2 style=\"text-align: center;\">Andreas Hartmann<\/h2>\n<p style=\"text-align: center;\"><img loading=\"lazy\" decoding=\"async\" class=\"alignnone size-full wp-image-190\" src=\"https:\/\/www.do-xs.de\/doku-klasse\/wp-content\/uploads\/Andreas_Hartmann_neu.jpg\" alt=\"Andreas Hartmann\" width=\"145\" height=\"267\" \/><\/p>\n<p>lebt in Berlin und arbeitet als Filmemacher und Kameramann. Er absolvierte eine Ausbildung zum Mediengestalter und ein Diplom-Kamerastudium an der Filmuniversit\u00e4t Babelsberg Konrad Wolf in Potsdam. 2014 war er Stipendiat des Goethe-Instituts als Artist in Residence in der Villa Kamogawa in Kyoto, Japan. Zwischen 2011 und 2013 war er mehrmals als DAAD-Stipendiat im Ausland (Vietnam und Myanmar), um an der Hanoi Academy of Theatre and Cinema seine theoretische Diplomarbeit zu schreiben und das Dokumentarfilmprojekt <em>My Buddha is Punk<\/em> zu realisieren. Seine Arbeit <em>Tage des Regens<\/em> feierte 2010 auf dem franz\u00f6sischen Dokumentarfilmfestival \u201eCin\u00e9ma du R\u00e9el\u201c im Centre Pompidou seine Festivalpremiere und lief in Deutschland unter anderem auf der Duisburger Filmwoche.<\/p>\n<h2 style=\"text-align: center;\">Bernd Sahling<\/h2>\n<p style=\"text-align: center;\"><img loading=\"lazy\" decoding=\"async\" class=\"alignnone size-full wp-image-192\" src=\"https:\/\/www.do-xs.de\/doku-klasse\/wp-content\/uploads\/Bernd-Sahling_klein.jpg\" alt=\"Bernd Sahling\" width=\"240\" height=\"240\" \/><\/p>\n<p>drehte 1985 noch als Volont\u00e4r bei der DEFA seinen ersten Dokumentarfilm \u00fcber Anne mit dem Titel <em>Ein Lied f\u00fcr Anne<\/em>. Auch seinen ersten Film nach dem Mauerfall mit dem ZDF\/Kleines Fernsehspiel widmete er dem blinden M\u00e4dchen (<em>Im Nest der Katze<\/em>, 1991). 1999 folgte mit <em>Gymnasium oder wir werden sehen<\/em> ein weiterer Teil in der Langzeitbeobachtung. 2004 realisierte er seinen ersten Spielfilm, <em>Die Blindg\u00e4nger<\/em>, und erhielt daf\u00fcr etliche Auszeichnungen, darunter den Deutschen Filmpreis in Gold. Nach einer Reihe dokumentarischer Arbeiten brachte er 2013 einen weiteren Spielfilm heraus: Das Drama <em>Kopf\u00fcber<\/em> handelt von einem Jungen, bei dem ADSH diagnostiziert wird, und hinterfragt kritisch den gesellschaftlichen Umgang mit dem so genannten &#8222;Aufmerksamkeitsdefizitsyndrom&#8220;.<\/p>\n","protected":false},"excerpt":{"rendered":"<p>Drei Stipendiaten wurden 2015 in die doku.klasse eingeladen. Kurze Einzelportr\u00e4ts erz\u00e4hlen mehr von ihnen. Eva Hausberger studierte Multi Media Art in Salzburg und an der Filmschule FAMU in Prag. Seit 2008 ist sie selbst\u00e4ndig im Film- und Theaterbereich t\u00e4tig. Sie f\u00fchrt selbst Regie oder arbeitet als Produktionsleiterin und Regieassistentin f\u00fcr Spiel- und Dokumentarfilme (u. a. Geyrhalter Filmproduktion, Golden Girls Filmproduktion, European Film Conspiracy). In ihrem experimentellen Kurzfilm Kopfball (2008) erz\u00e4hlte sie ein Fu\u00dfballspiel nur \u00fcber die Aktionen und Reaktionen der Fans. Ihr bislang letzter Film Monumenti (2014) portr\u00e4tiert einen albanischen Bronzegie\u00dfer, der w\u00e4hrend der stalinistischen Diktatur kommunistische Symbolfiguren \u00fcberlebensgro\u00df in Bronze gegossen hat. Beim Filmfestival Crossing Europe wurde sie daf\u00fcr mit dem Local Artist Social Awareness Award ausgezeichnet. Andreas Hartmann lebt in Berlin und arbeitet als Filmemacher und Kameramann. Er absolvierte eine Ausbildung zum Mediengestalter und ein Diplom-Kamerastudium an der Filmuniversit\u00e4t Babelsberg Konrad Wolf in Potsdam. 2014 war er Stipendiat des Goethe-Instituts als Artist in Residence in der Villa Kamogawa in Kyoto, Japan. Zwischen 2011 und 2013 war er mehrmals als DAAD-Stipendiat im Ausland (Vietnam &hellip;<\/p>\n","protected":false},"author":1,"featured_media":0,"parent":7,"menu_order":0,"comment_status":"closed","ping_status":"closed","template":"","meta":{"footnotes":""},"class_list":["post-1043","page","type-page","status-publish","hentry"],"jetpack_sharing_enabled":true,"_links":{"self":[{"href":"https:\/\/www.do-xs.de\/documasterclass\/wp-json\/wp\/v2\/pages\/1043","targetHints":{"allow":["GET"]}}],"collection":[{"href":"https:\/\/www.do-xs.de\/documasterclass\/wp-json\/wp\/v2\/pages"}],"about":[{"href":"https:\/\/www.do-xs.de\/documasterclass\/wp-json\/wp\/v2\/types\/page"}],"author":[{"embeddable":true,"href":"https:\/\/www.do-xs.de\/documasterclass\/wp-json\/wp\/v2\/users\/1"}],"replies":[{"embeddable":true,"href":"https:\/\/www.do-xs.de\/documasterclass\/wp-json\/wp\/v2\/comments?post=1043"}],"version-history":[{"count":4,"href":"https:\/\/www.do-xs.de\/documasterclass\/wp-json\/wp\/v2\/pages\/1043\/revisions"}],"predecessor-version":[{"id":2706,"href":"https:\/\/www.do-xs.de\/documasterclass\/wp-json\/wp\/v2\/pages\/1043\/revisions\/2706"}],"up":[{"embeddable":true,"href":"https:\/\/www.do-xs.de\/documasterclass\/wp-json\/wp\/v2\/pages\/7"}],"wp:attachment":[{"href":"https:\/\/www.do-xs.de\/documasterclass\/wp-json\/wp\/v2\/media?parent=1043"}],"curies":[{"name":"wp","href":"https:\/\/api.w.org\/{rel}","templated":true}]}}