{"id":19,"date":"2014-08-11T12:30:44","date_gmt":"2014-08-11T10:30:44","guid":{"rendered":"http:\/\/uwe-ahlgrimm.de\/kunden\/doku-klasse\/?page_id=19"},"modified":"2019-10-18T11:11:57","modified_gmt":"2019-10-18T09:11:57","slug":"impressum","status":"publish","type":"page","link":"https:\/\/www.do-xs.de\/documasterclass\/impressum\/","title":{"rendered":"Impressum"},"content":{"rendered":"<h2>Herausgeber:<\/h2>\n<p>Stadt Duisburg, vertreten durch den<br \/>\nOberb\u00fcrgermeister, S\u00f6ren Link, Burgplatz 19, 47051 Duisburg<br \/>\nTelefon: (+49) 203 \/ 283-0<br \/>\nE-Mail: <a href=\"mailto:info@stadt-duisburg.de\">info@stadt-duisburg.de<\/a><\/p>\n<p>Die Gesamtverantwortung f\u00fcr den Inhalt<br \/>\n(gem. \u00a7 10 Mediendienste-Staatsvertrag) liegt bei:<\/p>\n<p>Volkshochschule der Stadt Duisburg<br \/>\nDuisburger Filmwoche<br \/>\nSteinsche Gasse 26<br \/>\n47051 Duisburg<br \/>\nTelefon: (+49) 203 \/ 283-4187<br \/>\nTelefax: (+49) 203 \/ 283-4130<br \/>\nE-Mail: <a href=\"mailto:filmwoche@stadt-duisburg.de\">filmwoche@stadt-duisburg.de<\/a><\/p>\n<p>Umsatzsteuer-Identifikationsnummer (USt-IdNr.): DE 11 95 54 663<\/p>\n<h2>Haftungsausschluss<\/h2>\n<h3>Haftung f\u00fcr Inhalte<\/h3>\n<p>Als Diensteanbieter sind wir gem\u00e4\u00df \u00a7 7 Abs.1 TMG f\u00fcr eigene Inhalte auf diesen Seiten nach den allgemeinen Gesetzen\u00a0verantwortlich. Nach \u00a7\u00a7 8 bis 10 TMG sind wir als Diensteanbieter jedoch nicht verpflichtet, \u00fcbermittelte oder gespeicherte\u00a0fremde Informationen zu \u00fcberwachen oder nach Umst\u00e4nden zu forschen, die auf eine rechtswidrige T\u00e4tigkeit hinweisen. Verpflichtungen\u00a0zur Entfernung oder Sperrung der Nutzung von Informationen nach den allgemeinen Gesetzen bleiben hiervon unber\u00fchrt.\u00a0Eine diesbez\u00fcgliche Haftung ist jedoch erst ab dem Zeitpunkt der Kenntnis einer konkreten Rechtsverletzung m\u00f6glich.\u00a0Bei Bekanntwerden von entsprechenden Rechtsverletzungen werden wir diese Inhalte umgehend entfernen.<\/p>\n<h3>Haftung f\u00fcr Links<\/h3>\n<p>Unser Angebot enth\u00e4lt Links zu externen Webseiten Dritter, auf deren Inhalte wir keinen Einfluss haben. Deshalb k\u00f6nnen wir\u00a0f\u00fcr diese fremden Inhalte auch keine Gew\u00e4hr \u00fcbernehmen. F\u00fcr die Inhalte der verlinkten Seiten ist stets der jeweilige Anbieter\u00a0oder Betreiber der Seiten verantwortlich. Die verlinkten Seiten wurden zum Zeitpunkt der Verlinkung auf m\u00f6gliche Rechtsverst\u00f6\u00dfe\u00a0\u00fcberpr\u00fcft. Rechtswidrige Inhalte waren zum Zeitpunkt der Verlinkung nicht erkennbar. Eine permanente inhaltliche Kontrolle\u00a0der verlinkten Seiten ist jedoch ohne konkrete Anhaltspunkte einer Rechtsverletzung nicht zumutbar. Bei Bekanntwerden\u00a0von Rechtsverletzungen werden wir derartige Links umgehend entfernen.<\/p>\n<h3>Urheberrecht<\/h3>\n<p>Die durch die Seitenbetreiber erstellten Inhalte und Werke auf diesen Seiten unterliegen dem deutschen Urheberrecht. Die Vervielf\u00e4ltigung,\u00a0Bearbeitung, Verbreitung und jede Art der Verwertung au\u00dferhalb der Grenzen des Urheberrechtes bed\u00fcrfen der\u00a0schriftlichen Zustimmung des jeweiligen Autors bzw. Erstellers. Downloads und Kopien dieser Seite sind nur f\u00fcr den privaten,\u00a0nicht kommerziellen Gebrauch gestattet. Soweit die Inhalte auf dieser Seite nicht vom Betreiber erstellt wurden, werden die\u00a0Urheberrechte Dritter beachtet. Insbesondere werden Inhalte Dritter als solche gekennzeichnet. Sollten Sie trotzdem auf eine\u00a0Urheberrechtsverletzung aufmerksam werden, bitten wir um einen entsprechenden Hinweis. Bei Bekanntwerden von Rechtsverletzungen\u00a0werden wir derartige Inhalte umgehend entfernen.<\/p>\n<p>WordPress-Theme: Zuki \/ <a href=\"http:\/\/www.elmastudio.de\" target=\"_blank\" rel=\"noopener noreferrer\">Elmastudio<\/a><\/p>\n","protected":false},"excerpt":{"rendered":"<p>Herausgeber: Stadt Duisburg, vertreten durch den Oberb\u00fcrgermeister, S\u00f6ren Link, Burgplatz 19, 47051 Duisburg Telefon: (+49) 203 \/ 283-0 E-Mail: info@stadt-duisburg.de Die Gesamtverantwortung f\u00fcr den Inhalt (gem. \u00a7 10 Mediendienste-Staatsvertrag) liegt bei: Volkshochschule der Stadt Duisburg Duisburger Filmwoche Steinsche Gasse 26 47051 Duisburg Telefon: (+49) 203 \/ 283-4187 Telefax: (+49) 203 \/ 283-4130 E-Mail: filmwoche@stadt-duisburg.de Umsatzsteuer-Identifikationsnummer (USt-IdNr.): DE 11 95 54 663 Haftungsausschluss Haftung f\u00fcr Inhalte Als Diensteanbieter sind wir gem\u00e4\u00df \u00a7 7 Abs.1 TMG f\u00fcr eigene Inhalte auf diesen Seiten nach den allgemeinen Gesetzen\u00a0verantwortlich. Nach \u00a7\u00a7 8 bis 10 TMG sind wir als Diensteanbieter jedoch nicht verpflichtet, \u00fcbermittelte oder gespeicherte\u00a0fremde Informationen zu \u00fcberwachen oder nach Umst\u00e4nden zu forschen, die auf eine rechtswidrige T\u00e4tigkeit hinweisen. Verpflichtungen\u00a0zur Entfernung oder Sperrung der Nutzung von Informationen nach den allgemeinen Gesetzen bleiben hiervon unber\u00fchrt.\u00a0Eine diesbez\u00fcgliche Haftung ist jedoch erst ab dem Zeitpunkt der Kenntnis einer konkreten Rechtsverletzung m\u00f6glich.\u00a0Bei Bekanntwerden von entsprechenden Rechtsverletzungen werden wir diese Inhalte umgehend entfernen. Haftung f\u00fcr Links Unser Angebot enth\u00e4lt Links zu externen Webseiten Dritter, auf deren Inhalte wir keinen Einfluss haben. Deshalb k\u00f6nnen wir\u00a0f\u00fcr diese &hellip;<\/p>\n","protected":false},"author":2,"featured_media":0,"parent":0,"menu_order":99,"comment_status":"closed","ping_status":"closed","template":"","meta":{"footnotes":""},"class_list":["post-19","page","type-page","status-publish","hentry"],"jetpack_sharing_enabled":false,"_links":{"self":[{"href":"https:\/\/www.do-xs.de\/documasterclass\/wp-json\/wp\/v2\/pages\/19","targetHints":{"allow":["GET"]}}],"collection":[{"href":"https:\/\/www.do-xs.de\/documasterclass\/wp-json\/wp\/v2\/pages"}],"about":[{"href":"https:\/\/www.do-xs.de\/documasterclass\/wp-json\/wp\/v2\/types\/page"}],"author":[{"embeddable":true,"href":"https:\/\/www.do-xs.de\/documasterclass\/wp-json\/wp\/v2\/users\/2"}],"replies":[{"embeddable":true,"href":"https:\/\/www.do-xs.de\/documasterclass\/wp-json\/wp\/v2\/comments?post=19"}],"version-history":[{"count":8,"href":"https:\/\/www.do-xs.de\/documasterclass\/wp-json\/wp\/v2\/pages\/19\/revisions"}],"predecessor-version":[{"id":1836,"href":"https:\/\/www.do-xs.de\/documasterclass\/wp-json\/wp\/v2\/pages\/19\/revisions\/1836"}],"wp:attachment":[{"href":"https:\/\/www.do-xs.de\/documasterclass\/wp-json\/wp\/v2\/media?parent=19"}],"curies":[{"name":"wp","href":"https:\/\/api.w.org\/{rel}","templated":true}]}}