{"id":2,"date":"2014-08-11T10:05:01","date_gmt":"2014-08-11T08:05:01","guid":{"rendered":"http:\/\/uwe-ahlgrimm.de\/kunden\/doku-klasse\/?page_id=2"},"modified":"2025-11-22T12:46:14","modified_gmt":"2025-11-22T10:46:14","slug":"die-idee","status":"publish","type":"page","link":"https:\/\/www.do-xs.de\/documasterclass\/die-idee\/","title":{"rendered":"Idee"},"content":{"rendered":"<h2>Wir geben Stoff #<br \/>\nDie Klasse zum Lebensgef\u00fchl \u201eAb 18\u201c<\/h2>\n<p class=\"pull-right\">\u201eDie DocuMasterclass ist das Tor zu einer mir mittlerweile unbekannteren Welt: Empfindungen, Denk- und Sichtweisen junger Erwachsener \u2013 um so wichtiger ist dieser Austausch mit ihnen. Ihre Perspektiven, W\u00fcnsche und Anregungen sind f\u00fcr mich und das Projekt essentiell.\u201c <br \/>\n(Pantea Lachin)<\/p>\n<p>Zum elften Mal begleitet doxs! 2025 die <a href=\"https:\/\/www.3sat.de\/film\/ausschreibung-docume-100.html\" target=\"_blank\" rel=\"noopener noreferrer\">3sat-Ausschreibung \u201e<\/a>DocuMe\u201c mit einem Stipendiat*innenprogramm f\u00fcr Filmemacher*innen: der DocuMasterclass. In ihr haben Dokumentarist*innen die Gelegenheit, mit Jugendlichen in einen kreativen Dialog \u00fcber ihre Projekte zu treten, unmittelbar und von beidseitigem Nutzen.<\/p>\n<h3>Die Klasse mit der Lizenz zum Mitreden<\/h3>\n<p>Anhand von Expos\u00e9s tauschen sich das potentielle Publikum und die kreativen Macher aus \u2013 noch vor Drehbeginn und Realisation der Filme. F\u00fcr die Stipendiat*innen eine Chance, die Themen und Sehgewohnheiten junger Zuschauer besser kennenzulernen und neue Potentiale in ihren Treatments zu entdecken. Die jugendlichen Teilnehmer*innen wiederum sind direkt am k\u00fcnstlerischen Prozess beteiligt und erfahren aus erster Hand, wie filmisches Arbeiten funktioniert.<\/p>\n<h3>Atelier des anderen dokumentarischen Fernsehens<\/h3>\n<p>Die DocuMasterclass (ehemals &#8222;doku.klasse&#8220;) ist eine Kooperation von doxs! mit ZDF\/3sat, Deutschlandfunk Kultur, der Grimme-Akademie und der Freiwilligen Selbstkontrolle Fernsehen (FSF). Sie wird realisiert im Rahmen von dok you, einer Initiative zur F\u00f6rderung der Rezeption und Produktion des Dokumentarfilms f\u00fcr Kinder und Jugendliche. Ziel ist es, durch Teilhabe und kreativen Dialog junges Publikum f\u00fcr dokumentarische Formen zu gewinnen. Eine Schule des Sehens, die Heranwachsende dazu einl\u00e4dt, \u00c4sthetiken und Erz\u00e4hlformen abseits des medialen Mainstreams kennen und verstehen zu lernen.<\/p>\n","protected":false},"excerpt":{"rendered":"<p>Wir geben Stoff # Die Klasse zum Lebensgef\u00fchl \u201eAb 18\u201c \u201eDie DocuMasterclass ist das Tor zu einer mir mittlerweile unbekannteren Welt: Empfindungen, Denk- und Sichtweisen junger Erwachsener \u2013 um so wichtiger ist dieser Austausch mit ihnen. Ihre Perspektiven, W\u00fcnsche und Anregungen sind f\u00fcr mich und das Projekt essentiell.\u201c (Pantea Lachin) Zum elften Mal begleitet doxs! 2025 die 3sat-Ausschreibung \u201eDocuMe\u201c mit einem Stipendiat*innenprogramm f\u00fcr Filmemacher*innen: der DocuMasterclass. In ihr haben Dokumentarist*innen die Gelegenheit, mit Jugendlichen in einen kreativen Dialog \u00fcber ihre Projekte zu treten, unmittelbar und von beidseitigem Nutzen. Die Klasse mit der Lizenz zum Mitreden Anhand von Expos\u00e9s tauschen sich das potentielle Publikum und die kreativen Macher aus \u2013 noch vor Drehbeginn und Realisation der Filme. F\u00fcr die Stipendiat*innen eine Chance, die Themen und Sehgewohnheiten junger Zuschauer besser kennenzulernen und neue Potentiale in ihren Treatments zu entdecken. Die jugendlichen Teilnehmer*innen wiederum sind direkt am k\u00fcnstlerischen Prozess beteiligt und erfahren aus erster Hand, wie filmisches Arbeiten funktioniert. Atelier des anderen dokumentarischen Fernsehens Die DocuMasterclass (ehemals &#8222;doku.klasse&#8220;) ist eine Kooperation von doxs! mit ZDF\/3sat, Deutschlandfunk Kultur, der &hellip;<\/p>\n","protected":false},"author":2,"featured_media":0,"parent":0,"menu_order":1,"comment_status":"closed","ping_status":"closed","template":"","meta":{"footnotes":""},"class_list":["post-2","page","type-page","status-publish","hentry"],"jetpack_sharing_enabled":true,"_links":{"self":[{"href":"https:\/\/www.do-xs.de\/documasterclass\/wp-json\/wp\/v2\/pages\/2","targetHints":{"allow":["GET"]}}],"collection":[{"href":"https:\/\/www.do-xs.de\/documasterclass\/wp-json\/wp\/v2\/pages"}],"about":[{"href":"https:\/\/www.do-xs.de\/documasterclass\/wp-json\/wp\/v2\/types\/page"}],"author":[{"embeddable":true,"href":"https:\/\/www.do-xs.de\/documasterclass\/wp-json\/wp\/v2\/users\/2"}],"replies":[{"embeddable":true,"href":"https:\/\/www.do-xs.de\/documasterclass\/wp-json\/wp\/v2\/comments?post=2"}],"version-history":[{"count":47,"href":"https:\/\/www.do-xs.de\/documasterclass\/wp-json\/wp\/v2\/pages\/2\/revisions"}],"predecessor-version":[{"id":2917,"href":"https:\/\/www.do-xs.de\/documasterclass\/wp-json\/wp\/v2\/pages\/2\/revisions\/2917"}],"wp:attachment":[{"href":"https:\/\/www.do-xs.de\/documasterclass\/wp-json\/wp\/v2\/media?parent=2"}],"curies":[{"name":"wp","href":"https:\/\/api.w.org\/{rel}","templated":true}]}}