{"id":2489,"date":"2022-11-05T13:47:00","date_gmt":"2022-11-05T11:47:00","guid":{"rendered":"https:\/\/www.do-xs.de\/doku-klasse\/?page_id=2489"},"modified":"2024-04-03T10:53:17","modified_gmt":"2024-04-03T08:53:17","slug":"2022-2","status":"publish","type":"page","link":"https:\/\/www.do-xs.de\/documasterclass\/stipendiaten\/2022-2\/","title":{"rendered":"2022\/23"},"content":{"rendered":"<h2 style=\"text-align: center;\">Angelika Herta<\/p>\n<p><a href=\"https:\/\/www.do-xs.de\/doku-klasse\/wp-content\/uploads\/Angelika_Herta-2-scaled.jpg\"><img loading=\"lazy\" decoding=\"async\" class=\"wp-image-2483 aligncenter\" src=\"https:\/\/www.do-xs.de\/doku-klasse\/wp-content\/uploads\/Angelika_Herta-2-scaled.jpg\" alt=\"\" width=\"530\" height=\"353\" srcset=\"https:\/\/www.do-xs.de\/documasterclass\/wp-content\/uploads\/Angelika_Herta-2-scaled.jpg 2560w, https:\/\/www.do-xs.de\/documasterclass\/wp-content\/uploads\/Angelika_Herta-2-400x267.jpg 400w, https:\/\/www.do-xs.de\/documasterclass\/wp-content\/uploads\/Angelika_Herta-2-1200x800.jpg 1200w, https:\/\/www.do-xs.de\/documasterclass\/wp-content\/uploads\/Angelika_Herta-2-768x512.jpg 768w, https:\/\/www.do-xs.de\/documasterclass\/wp-content\/uploads\/Angelika_Herta-2-1536x1024.jpg 1536w, https:\/\/www.do-xs.de\/documasterclass\/wp-content\/uploads\/Angelika_Herta-2-2048x1366.jpg 2048w, https:\/\/www.do-xs.de\/documasterclass\/wp-content\/uploads\/Angelika_Herta-2-840x560.jpg 840w\" sizes=\"auto, (max-width: 530px) 100vw, 530px\" \/><\/a><\/h2>\n<p>&nbsp;<\/p>\n<p>ANGELIKA HERTA (*1982 in \u00d6sterreich) studierte Vergleichende Literaturwissenschaft in Wien und schloss 2021 ihr Studium Mediale Ku\u0308nste an der KHM K\u00f6ln mit Auszeichnung ab. 2022 erhielt sie das Arbeitsstipendium des Landes NRW im Bereich ku\u0308nstlerischer Dokumentarfilm fu\u0308r Kinder oder Jugendliche. Neben ihrer Arbeit als Regisseurin ist sie seit 2012 als Medienku\u0308nstlerin, Regieassistentin, Editorin und Filmdozentin t\u00e4tig. Angelika Herta ist Mitglied des Dokomotive Kollektivs fu\u0308r ku\u0308nstlerischen Dokumentarfilm.<\/p>\n<p>&nbsp;<\/p>\n<h2 style=\"text-align: center;\">\nAntje Schneider &amp; Carsten Waldbauer<\/p>\n<p><a href=\"https:\/\/www.do-xs.de\/doku-klasse\/wp-content\/uploads\/01-Portraet-Antje-Carsten-2.jpg\"><img loading=\"lazy\" decoding=\"async\" class=\"wp-image-2484 aligncenter\" src=\"https:\/\/www.do-xs.de\/doku-klasse\/wp-content\/uploads\/01-Portraet-Antje-Carsten-2.jpg\" alt=\"\" width=\"530\" height=\"373\" srcset=\"https:\/\/www.do-xs.de\/documasterclass\/wp-content\/uploads\/01-Portraet-Antje-Carsten-2.jpg 1969w, https:\/\/www.do-xs.de\/documasterclass\/wp-content\/uploads\/01-Portraet-Antje-Carsten-2-400x281.jpg 400w, https:\/\/www.do-xs.de\/documasterclass\/wp-content\/uploads\/01-Portraet-Antje-Carsten-2-1137x800.jpg 1137w, https:\/\/www.do-xs.de\/documasterclass\/wp-content\/uploads\/01-Portraet-Antje-Carsten-2-768x540.jpg 768w, https:\/\/www.do-xs.de\/documasterclass\/wp-content\/uploads\/01-Portraet-Antje-Carsten-2-1536x1080.jpg 1536w\" sizes=\"auto, (max-width: 530px) 100vw, 530px\" \/><\/a><\/h2>\n<p>&nbsp;<\/p>\n<p><span style=\"font-weight: 400;\">ANTJE SCHNEIDER (*1971 in Leipzig) studierte Betriebswirtschaft und arbeitet als freie Autorin und Regisseurin f\u00fcr das \u00f6ffentlich-rechtliche Fernsehen, insbesondere f\u00fcr den MDR. In den letzten Jahren absolvierte sie diverse Weiterbildungsprogramme, u.a. war sie Teilnehmerin der Drehbuch-Autorenwerkstatt Talente in Leipzig, des TP2 Talentpools und der Masterclass Non-Fiction an der ifs internationale filmschule k\u00f6ln. 2005 erhielt sie ein Stipendium f\u00fcr die Drehbuchwerkstatt an der HFF M\u00fcnchen. Ihr Deb\u00fctfilm <\/span><b>Die sch\u00f6ne Krista<\/b><span style=\"font-weight: 400;\"> (2013) war in der Vorauswahl zum Deutschen Filmpreis 2014 und erhielt eine Nominierung f\u00fcr den Grimme-Preis 2016.<\/span><\/p>\n<p><span style=\"font-weight: 400;\">CARSTEN WALDBAUER (*1966 in Halle) ist seit 2004 freiberuflich als Kameramann und Editor f\u00fcr verschiedene Fernsehsender im Bereich Dokumentarfilm t\u00e4tig. Er war u.a. 2009\/2010 Teilnehmer der Masterclass Non-Fiction an der ifs internationale filmschule k\u00f6ln und arbeitete mit Antje Schneider bereits bei mehreren Projekten als Kameramann zusammen, darunter bei <\/span><b>Die sch\u00f6ne Krista<\/b><span style=\"font-weight: 400;\"> (2013) und zuletzt bei <\/span><b>Vier Sterne Plus<\/b><span style=\"font-weight: 400;\"> (2021), der seine Premiere im Dokumentarfilm-Wettbewerb des Filmfestivals Max Oph\u00fcls Preis feierte.<\/span><\/p>\n<h2>\u00a0<\/h2>\n<h2 style=\"text-align: center;\">Kilian Helmbrecht<\/h2>\n<p><a href=\"https:\/\/www.do-xs.de\/doku-klasse\/wp-content\/uploads\/Kilian-2-scaled-e1667648496125.jpg\"><img loading=\"lazy\" decoding=\"async\" class=\"wp-image-2485 aligncenter\" src=\"https:\/\/www.do-xs.de\/doku-klasse\/wp-content\/uploads\/Kilian-2-scaled-e1667648496125.jpg\" alt=\"\" width=\"386\" height=\"481\" srcset=\"https:\/\/www.do-xs.de\/documasterclass\/wp-content\/uploads\/Kilian-2-scaled-e1667648496125.jpg 1702w, https:\/\/www.do-xs.de\/documasterclass\/wp-content\/uploads\/Kilian-2-scaled-e1667648496125-240x300.jpg 240w, https:\/\/www.do-xs.de\/documasterclass\/wp-content\/uploads\/Kilian-2-scaled-e1667648496125-641x800.jpg 641w, https:\/\/www.do-xs.de\/documasterclass\/wp-content\/uploads\/Kilian-2-scaled-e1667648496125-768x958.jpg 768w, https:\/\/www.do-xs.de\/documasterclass\/wp-content\/uploads\/Kilian-2-scaled-e1667648496125-1231x1536.jpg 1231w, https:\/\/www.do-xs.de\/documasterclass\/wp-content\/uploads\/Kilian-2-scaled-e1667648496125-1641x2048.jpg 1641w\" sizes=\"auto, (max-width: 386px) 100vw, 386px\" \/><\/a><\/p>\n<p>&nbsp;<\/p>\n<p><span style=\"font-weight: 400;\">KILIAN HELMBRECHT (*1993) arbeitete als Schnitt- und Kameraassistent f\u00fcr NDR und ARTE sowie als Junior Director und Kameramann f\u00fcr eine NDR\/BBC-Naturfilmreihe. 2016 stellte er in der doku.klasse sein Projekt <\/span><b>Einmannland <\/b><span style=\"font-weight: 400;\">vor, das im Rahmen der 3sat-Reihe \u201eAb 18\u201c ausgestrahlt wurde und 2017 eine Nominierung f\u00fcr den Grimme-Preis erhielt. Sein neuer Kurzfilm <\/span><b>Walking the Tiger<\/b><span style=\"font-weight: 400;\"> feierte 2022 Premiere auf dem Filmfest Schleswig-Holstein.<\/span><\/p>\n","protected":false},"excerpt":{"rendered":"<p>Angelika Herta &nbsp; ANGELIKA HERTA (*1982 in \u00d6sterreich) studierte Vergleichende Literaturwissenschaft in Wien und schloss 2021 ihr Studium Mediale Ku\u0308nste an der KHM K\u00f6ln mit Auszeichnung ab. 2022 erhielt sie das Arbeitsstipendium des Landes NRW im Bereich ku\u0308nstlerischer Dokumentarfilm fu\u0308r Kinder oder Jugendliche. Neben ihrer Arbeit als Regisseurin ist sie seit 2012 als Medienku\u0308nstlerin, Regieassistentin, Editorin und Filmdozentin t\u00e4tig. Angelika Herta ist Mitglied des Dokomotive Kollektivs fu\u0308r ku\u0308nstlerischen Dokumentarfilm. &nbsp; Antje Schneider &amp; Carsten Waldbauer &nbsp; ANTJE SCHNEIDER (*1971 in Leipzig) studierte Betriebswirtschaft und arbeitet als freie Autorin und Regisseurin f\u00fcr das \u00f6ffentlich-rechtliche Fernsehen, insbesondere f\u00fcr den MDR. In den letzten Jahren absolvierte sie diverse Weiterbildungsprogramme, u.a. war sie Teilnehmerin der Drehbuch-Autorenwerkstatt Talente in Leipzig, des TP2 Talentpools und der Masterclass Non-Fiction an der ifs internationale filmschule k\u00f6ln. 2005 erhielt sie ein Stipendium f\u00fcr die Drehbuchwerkstatt an der HFF M\u00fcnchen. Ihr Deb\u00fctfilm Die sch\u00f6ne Krista (2013) war in der Vorauswahl zum Deutschen Filmpreis 2014 und erhielt eine Nominierung f\u00fcr den Grimme-Preis 2016. CARSTEN WALDBAUER (*1966 in Halle) ist seit 2004 freiberuflich als Kameramann und Editor &hellip;<\/p>\n","protected":false},"author":1,"featured_media":0,"parent":7,"menu_order":0,"comment_status":"closed","ping_status":"closed","template":"","meta":{"footnotes":""},"class_list":["post-2489","page","type-page","status-publish","hentry"],"jetpack_sharing_enabled":true,"_links":{"self":[{"href":"https:\/\/www.do-xs.de\/documasterclass\/wp-json\/wp\/v2\/pages\/2489","targetHints":{"allow":["GET"]}}],"collection":[{"href":"https:\/\/www.do-xs.de\/documasterclass\/wp-json\/wp\/v2\/pages"}],"about":[{"href":"https:\/\/www.do-xs.de\/documasterclass\/wp-json\/wp\/v2\/types\/page"}],"author":[{"embeddable":true,"href":"https:\/\/www.do-xs.de\/documasterclass\/wp-json\/wp\/v2\/users\/1"}],"replies":[{"embeddable":true,"href":"https:\/\/www.do-xs.de\/documasterclass\/wp-json\/wp\/v2\/comments?post=2489"}],"version-history":[{"count":8,"href":"https:\/\/www.do-xs.de\/documasterclass\/wp-json\/wp\/v2\/pages\/2489\/revisions"}],"predecessor-version":[{"id":2699,"href":"https:\/\/www.do-xs.de\/documasterclass\/wp-json\/wp\/v2\/pages\/2489\/revisions\/2699"}],"up":[{"embeddable":true,"href":"https:\/\/www.do-xs.de\/documasterclass\/wp-json\/wp\/v2\/pages\/7"}],"wp:attachment":[{"href":"https:\/\/www.do-xs.de\/documasterclass\/wp-json\/wp\/v2\/media?parent=2489"}],"curies":[{"name":"wp","href":"https:\/\/api.w.org\/{rel}","templated":true}]}}