{"id":2501,"date":"2022-11-05T14:13:06","date_gmt":"2022-11-05T12:13:06","guid":{"rendered":"https:\/\/www.do-xs.de\/doku-klasse\/?page_id=2501"},"modified":"2024-04-03T10:55:38","modified_gmt":"2024-04-03T08:55:38","slug":"2022-3","status":"publish","type":"page","link":"https:\/\/www.do-xs.de\/documasterclass\/stoffe\/2022-3\/","title":{"rendered":"2022\/23"},"content":{"rendered":"<p>Mit diesen Stoffen haben die diesj\u00e4hrigen Stipendiat*innen den Einzug in die doku.klasse 2022 geschafft.<\/p>\n<p>&nbsp;<\/p>\n<h2 style=\"text-align: center;\">VON M\u00c4DCHEN UND TIEREN | ANGELIKA HERTA<\/h2>\n<p><a href=\"https:\/\/www.do-xs.de\/doku-klasse\/wp-content\/uploads\/Wir_Tiere_02.jpg\"><img loading=\"lazy\" decoding=\"async\" class=\" wp-image-2493 aligncenter\" src=\"https:\/\/www.do-xs.de\/doku-klasse\/wp-content\/uploads\/Wir_Tiere_02.jpg\" alt=\"\" width=\"505\" height=\"284\" srcset=\"https:\/\/www.do-xs.de\/documasterclass\/wp-content\/uploads\/Wir_Tiere_02.jpg 1920w, https:\/\/www.do-xs.de\/documasterclass\/wp-content\/uploads\/Wir_Tiere_02-400x225.jpg 400w, https:\/\/www.do-xs.de\/documasterclass\/wp-content\/uploads\/Wir_Tiere_02-1200x675.jpg 1200w, https:\/\/www.do-xs.de\/documasterclass\/wp-content\/uploads\/Wir_Tiere_02-768x432.jpg 768w, https:\/\/www.do-xs.de\/documasterclass\/wp-content\/uploads\/Wir_Tiere_02-1536x864.jpg 1536w\" sizes=\"auto, (max-width: 505px) 100vw, 505px\" \/><\/a><\/p>\n<p>Einige der Tiere, die bei Julie und Rosina ankommen, haben noch nie Gras gesehen oder Regen gesp\u00fcrt. Es sind traumatisierte Lebewesen aus der Tierindustrie, die auf den H\u00f6fen der beiden jungen Frauen eine zweite Chance erhalten. Kennengelernt haben sich Julie und Rosina auf Instagram, wo sie regelm\u00e4\u00dfig \u00fcber ihr Engagement schreiben. Sie wollen das Verh\u00e4ltnis zwischen Mensch und Tier auf eine neue Grundlage stellen. Dazu geh\u00f6rt nicht nur eine artgerechte Haltung, sondern auch: Reden und Kuscheln. Nicht allen passt ein solcher Umgang mit Tieren. Und wenn Julie auf ihrem Ochsen Noni einen Ausritt macht, sch\u00fctteln dar\u00fcber nicht nur die Landwirt*innen der Gegend den Kopf, sondern auch die vegane Community im Netz. Aber Julie und Rosina haben ihre Entscheidung getroffen. F\u00fcr das Wohl der Tiere, gegen alle Widerst\u00e4nde. Auch die ihrer Familien.<\/p>\n<h2 style=\"text-align: center;\">VATERLAND | ANTJE SCHNEIDER &amp; CARSTEN WALDBAUER<\/h2>\n<p><a href=\"https:\/\/www.do-xs.de\/doku-klasse\/wp-content\/uploads\/07-Guenni-Vater.jpg\"><img loading=\"lazy\" decoding=\"async\" class=\" wp-image-2495 aligncenter\" src=\"https:\/\/www.do-xs.de\/doku-klasse\/wp-content\/uploads\/07-Guenni-Vater.jpg\" alt=\"\" width=\"448\" height=\"286\" srcset=\"https:\/\/www.do-xs.de\/documasterclass\/wp-content\/uploads\/07-Guenni-Vater.jpg 1689w, https:\/\/www.do-xs.de\/documasterclass\/wp-content\/uploads\/07-Guenni-Vater-400x255.jpg 400w, https:\/\/www.do-xs.de\/documasterclass\/wp-content\/uploads\/07-Guenni-Vater-1200x765.jpg 1200w, https:\/\/www.do-xs.de\/documasterclass\/wp-content\/uploads\/07-Guenni-Vater-768x490.jpg 768w, https:\/\/www.do-xs.de\/documasterclass\/wp-content\/uploads\/07-Guenni-Vater-1536x979.jpg 1536w\" sizes=\"auto, (max-width: 448px) 100vw, 448px\" \/><\/a><\/p>\n<p><span style=\"font-weight: 400;\">Es gibt zwei Amerikas. In einem lebt Gu\u0308nther, der von allen nur \u201eGu\u0308nni\u201c genannt wird. Gemeinsam mit seinem Vater Steffen betreibt der 20-J\u00e4hrige eine Ranch in Th\u00fcringen. Hier \u00fcben sich Freizeitcowboys im amerikanischen Reiten und im Roping, dem Einfangen von Rindern mit dem Lasso. Auch Gu\u0308nni trainiert so gut wie jeden Tag, meist mit seinem Vater. Die beiden M\u00e4nner verbindet ein fast symbiotisches Verh\u00e4ltnis. Gu\u0308nni pflegt dieselbe Macho-Attit\u00fcde wie Steffen, einmal im Jahr fliegen sie zusammen in die USA und nehmen an kleineren Reitwettbewerben teil. Ihr gemeinsamer Traum: einmal beim legend\u00e4ren Roping-Turnier in Las Vegas antreten. Doch das hohe Startgeld und schlie\u00dflich Corona verlangen einen langen Atem. Indes trennt sich Steffen von seiner zweiten Frau und G\u00fcnni hat eine neue Freundin. Er steht jetzt h\u00e4ufiger als DJ an den Turntables als auf dem Trainingsplatz. Die Reibungen zwischen Vater und Sohn nehmen zu. Sind sie weiterhin ein Team, aber unschlagbar forever?<\/span><\/p>\n<h2 style=\"text-align: center;\">GESUNDBRUNNEN ODYSSEUS | KILIAN HELMBRECHT<\/h2>\n<h2 style=\"text-align: center;\"><strong><a href=\"https:\/\/www.do-xs.de\/doku-klasse\/wp-content\/uploads\/Still_doku.klasse_4-scaled.jpg\"><img loading=\"lazy\" decoding=\"async\" class=\"wp-image-2497  aligncenter\" src=\"https:\/\/www.do-xs.de\/doku-klasse\/wp-content\/uploads\/Still_doku.klasse_4-scaled-e1667650207948.jpg\" alt=\"\" width=\"512\" height=\"310\" srcset=\"https:\/\/www.do-xs.de\/documasterclass\/wp-content\/uploads\/Still_doku.klasse_4-scaled-e1667650207948.jpg 2381w, https:\/\/www.do-xs.de\/documasterclass\/wp-content\/uploads\/Still_doku.klasse_4-scaled-e1667650207948-400x242.jpg 400w, https:\/\/www.do-xs.de\/documasterclass\/wp-content\/uploads\/Still_doku.klasse_4-scaled-e1667650207948-1200x726.jpg 1200w, https:\/\/www.do-xs.de\/documasterclass\/wp-content\/uploads\/Still_doku.klasse_4-scaled-e1667650207948-768x464.jpg 768w, https:\/\/www.do-xs.de\/documasterclass\/wp-content\/uploads\/Still_doku.klasse_4-scaled-e1667650207948-1536x929.jpg 1536w, https:\/\/www.do-xs.de\/documasterclass\/wp-content\/uploads\/Still_doku.klasse_4-scaled-e1667650207948-2048x1239.jpg 2048w\" sizes=\"auto, (max-width: 512px) 100vw, 512px\" \/><\/a><\/strong><\/h2>\n<p><span style=\"font-weight: 400;\">Raffly muss aus seinem Studentenwohnheim ausziehen. Nur wenige Wochen bleiben ihm, um eine Wohnung, ein WG-Zimmer oder wenigstens eine Meldeadresse zu finden. Keine leichte Aufgabe auf dem gnadenlosen Berliner Wohnungsmarkt \u2013 erst recht nicht, wenn man wie Raffly den Nachnamen Mohammad mitbringt. Der Vorteil des 26-J\u00e4hrigen: Er ist sehr charmant und hat wie viele Menschen mit Migrationsgeschichte Automatismen der Anpassung entwickelt. Mit Leichtigkeit kann er sein Verhalten an den Erwartungen seines Gegen\u00fcbers ausrichten \u2013 egal ob an der Uni, in der muslimischen Gemeinde, seiner indonesischen Familie gegen\u00fcber und seinem Freundeskreis in Berlin. Aber wer ist der echte Raffly hinter den vielen unterschiedlichen Masken? Und wie ver\u00e4ndert ihn die Odyssee durch eine Stadt, der er ein neues Zuhause abringen muss?<\/span><\/p>\n<h2 style=\"text-align: center;\"><strong><a href=\"https:\/\/www.do-xs.de\/doku-klasse\/wp-content\/uploads\/Still_doku.klasse_4-scaled.jpg\"><br style=\"font-weight: 400;\" \/><br \/>\n<br style=\"font-weight: 400;\" \/><br \/>\n<\/a><\/strong><\/h2>\n","protected":false},"excerpt":{"rendered":"<p>Mit diesen Stoffen haben die diesj\u00e4hrigen Stipendiat*innen den Einzug in die doku.klasse 2022 geschafft. &nbsp; VON M\u00c4DCHEN UND TIEREN | ANGELIKA HERTA Einige der Tiere, die bei Julie und Rosina ankommen, haben noch nie Gras gesehen oder Regen gesp\u00fcrt. Es sind traumatisierte Lebewesen aus der Tierindustrie, die auf den H\u00f6fen der beiden jungen Frauen eine zweite Chance erhalten. Kennengelernt haben sich Julie und Rosina auf Instagram, wo sie regelm\u00e4\u00dfig \u00fcber ihr Engagement schreiben. Sie wollen das Verh\u00e4ltnis zwischen Mensch und Tier auf eine neue Grundlage stellen. Dazu geh\u00f6rt nicht nur eine artgerechte Haltung, sondern auch: Reden und Kuscheln. Nicht allen passt ein solcher Umgang mit Tieren. Und wenn Julie auf ihrem Ochsen Noni einen Ausritt macht, sch\u00fctteln dar\u00fcber nicht nur die Landwirt*innen der Gegend den Kopf, sondern auch die vegane Community im Netz. Aber Julie und Rosina haben ihre Entscheidung getroffen. F\u00fcr das Wohl der Tiere, gegen alle Widerst\u00e4nde. Auch die ihrer Familien. VATERLAND | ANTJE SCHNEIDER &amp; CARSTEN WALDBAUER Es gibt zwei Amerikas. In einem lebt Gu\u0308nther, der von allen nur \u201eGu\u0308nni\u201c genannt wird. &hellip;<\/p>\n","protected":false},"author":1,"featured_media":0,"parent":311,"menu_order":0,"comment_status":"closed","ping_status":"closed","template":"","meta":{"footnotes":""},"class_list":["post-2501","page","type-page","status-publish","hentry"],"jetpack_sharing_enabled":true,"_links":{"self":[{"href":"https:\/\/www.do-xs.de\/documasterclass\/wp-json\/wp\/v2\/pages\/2501","targetHints":{"allow":["GET"]}}],"collection":[{"href":"https:\/\/www.do-xs.de\/documasterclass\/wp-json\/wp\/v2\/pages"}],"about":[{"href":"https:\/\/www.do-xs.de\/documasterclass\/wp-json\/wp\/v2\/types\/page"}],"author":[{"embeddable":true,"href":"https:\/\/www.do-xs.de\/documasterclass\/wp-json\/wp\/v2\/users\/1"}],"replies":[{"embeddable":true,"href":"https:\/\/www.do-xs.de\/documasterclass\/wp-json\/wp\/v2\/comments?post=2501"}],"version-history":[{"count":5,"href":"https:\/\/www.do-xs.de\/documasterclass\/wp-json\/wp\/v2\/pages\/2501\/revisions"}],"predecessor-version":[{"id":2708,"href":"https:\/\/www.do-xs.de\/documasterclass\/wp-json\/wp\/v2\/pages\/2501\/revisions\/2708"}],"up":[{"embeddable":true,"href":"https:\/\/www.do-xs.de\/documasterclass\/wp-json\/wp\/v2\/pages\/311"}],"wp:attachment":[{"href":"https:\/\/www.do-xs.de\/documasterclass\/wp-json\/wp\/v2\/media?parent=2501"}],"curies":[{"name":"wp","href":"https:\/\/api.w.org\/{rel}","templated":true}]}}